= y*p. What is the units digit of p?
1
Let m be (15 + -3)*(-12)/(-9). Suppose -m = -t + 17. What is the units digit of t?
3
Let p be (-1)/(-3) + (-4)/3. Let h(k) = -15*k**2 - k - 3. Let y(m) = -m**2 + 1. Let n(j) = -h(j) - 3*y(j). What is the units digit of n(p)?
7
Let v = 0 - -3. Suppose 5*u - 4*u + 5*g = -18, v*g + 22 = 5*u. Suppose -u*y + 3*y - 2*l = 23, 5*y - 4*l - 85 = 0. What is the units digit of y?
3
Let k(p) = 2*p**2 + p - 1. Let d be k(-2). Let m(b) = b**3 - 4*b**2 - 5*b + 1. Let q be m(d). What is the units digit of q/(-2) + (-10)/(-4)?
2
Let r be 6 + (-1 - 0) + -2. Suppose r*m = -m. Suppose 6*n - n - 10 = m. What is the units digit of n?
2
Suppose -2*v = -0*g - 3*g + 10, 5*g - 19 = v. Let o be -2*(0 - v) - -3. Suppose -85 = -3*q - 2*q + o*c, -34 = -2*q + c. What is the units digit of q?
7
Let b be 3/(-12) + 9/4. Suppose -5*o = -s - 15, -3*o - b*s - 2 - 2 = 0. Suppose -o*f = -f - 1. What is the units digit of f?
1
Let s = 110 + 94. What is the hundreds digit of s?
2
Let j = 23 - 15. Let t = j - 3. What is the units digit of t?
5
Let w = -162 - -237. What is the tens digit of w?
7
Suppose 2*b = 3*b - 248. What is the tens digit of b?
4
Let k = 31 + -15. Suppose 22 = 4*x - 3*x - 3*y, x - k = -3*y. What is the tens digit of x?
1
Let g = -1 - -2. Let r(w) = -g - w**2 + 0 - 1 - 6*w. What is the units digit of r(-4)?
6
Let p(r) = 2*r**3 + 2*r**2 - r - 2. Let d be p(-2). Let n = d + 12. Suppose -6 - 12 = -2*u - z, 4*u - 48 = n*z. What is the tens digit of u?
1
Suppose -3*b = 4*c - 30, 3*c - 3*b - 47 = -14. Suppose -3*l + 0*l = -c. What is the units digit of -1 - (l + (-2 - 3))?
1
Let t = -22 - -64. What is the units digit of t?
2
Let x be 1*(2 - 1)*3. Let n(u) = u**3 - 3*u**2 + 3*u + 2. What is the tens digit of n(x)?
1
Let d be (-315)/(-75) - (-2)/(-10). Suppose -5*x - y + 187 = -0*x, -2*y = -d*x + 158. What is the tens digit of x?
3
What is the units digit of 1/(12/1314*(-6)/(-4))?
3
Let o(n) = 5 + n + 2*n - n - 11. What is the units digit of o(6)?
6
Let o = 13 - 22. What is the tens digit of 6/(24/o - -3)?
1
Let l(i) = -i**3 + 13*i**2 + 12*i - 23. What is the hundreds digit of l(12)?
2
Let s(a) = 3*a**2 + a - 2. Let z be s(2). Let g = 4 - 3. Let y = g + z. What is the units digit of y?
3
Let m be (-4)/2 - (-5 + 1). Suppose 5*k + 5*l + 73 = 273, m*l + 25 = k. What is the units digit of k?
5
Let x = 67 - 30. What is the units digit of x?
7
Suppose 5*m + 248 = 3*b, b - 76 = -2*m + 5*m. What is the units digit of b?
1
Suppose 3*z = 7*z + 2*m - 78, -3*m = -4*z + 103. Let i = 32 - z. Let t = i + -3. What is the units digit of t?
7
Suppose -23*a - 756 = -26*a. What is the tens digit of a?
5
What is the tens digit of (608/48)/(2/3)?
1
Suppose -3*a + 8 = 2. Suppose -5*n = 3*r - 201, -a*r = -5*n + 118 + 73. What is the units digit of n?
9
Let x(c) = -c**2 + 12*c + 16. What is the tens digit of x(11)?
2
Let i = -128 + 182. What is the units digit of i?
4
Let m be (0 - -1) + -2 - -2. Suppose -r + m = -2. Suppose 5*q - 8 = r*q. What is the units digit of q?
4
Suppose -99 = -7*r + 13. What is the units digit of r?
6
Let w(n) = n**3 + 9*n**2 - 11*n. What is the units digit of w(-10)?
0
Let x(h) = 0 + h + 2 + 11. What is the units digit of x(-12)?
1
Let l = -2 - -3. What is the units digit of (-18 + 3)*(0 - l)?
5
Let p(u) = 6*u - 2. Let g be p(5). Let f = g - 20. What is the units digit of f?
8
What is the tens digit of (-161)/14*-1*2?
2
Let r be -1 - (-3 + 1 + 15). Let i = r + 25. What is the units digit of i?
1
Let n be 5/2*(-12)/(-15). Suppose -3*y = -n*y - 6. Suppose y*a - 16 = 2*a. What is the units digit of a?
4
Suppose -4*o + 7 + 133 = 0. Suppose 2*s - o = -3*s. Suppose -3*c + s = k - 0*k, k - 6 = -2*c. What is the units digit of c?
1
Let b(n) be the first derivative of -n**2/2 + 11*n + 1. Let j be b(0). Let g = -1 + j. What is the units digit of g?
0
Suppose -5*j + 350 = -0*j. Suppose 2*w + 3*n = 23, 2*w - 2*n = -2*w + j. Let l = w + -9. What is the units digit of l?
7
Let l = 2 + 6. Let f(w) = 2*w. What is the units digit of f(l)?
6
Let c(g) = 2*g**2 - 10*g + 6. Let v be c(6). What is the tens digit of 186/v - 4/(-6)?
1
Let u be (-4)/(-6) - (-10)/(-6). Let p(n) be the second derivative of -4*n**3/3 + n**2/2 + 15*n. What is the units digit of p(u)?
9
Let t(f) = -f**2 - 8*f - 4. Let o = 10 - 17. Let r be (1 - 2)/((-1)/o). What is the units digit of t(r)?
3
Let z be 4 + -2 + 3 - -2. Suppose -2*v + 0 + 2 = 2*s, 2*v = -5*s - z. What is the units digit of 3 - -2*3/s?
1
Let h = 54 - 20. What is the tens digit of h?
3
Suppose 2*b = 4*b - 8. Suppose 20 = 4*r - 2*y + y, 0 = y - b. Suppose -2*f + r*f - 4 = 0. What is the units digit of f?
1
Suppose -2*y + 0 - 18 = 0. Let f = y + 18. What is the units digit of f?
9
Suppose 340 = 3*a - 4*s - 327, 2*s = 4*a - 896. What is the units digit of a?
5
Let s be (-5)/(30/76)*-6. Suppose -5*b = -s - 84. What is the units digit of b?
2
Let m = 1 - -1. Let k be -8*(-3 + 5/m). Suppose -2*l + 9 = k*b - 47, 4*l = -2*b + 82. What is the units digit of l?
8
Let r(b) = 158*b**3 - 2*b**2 - 5*b + 5. What is the units digit of r(1)?
6
Let v(m) = m**3 - 2*m**2 + 3*m - 2. Let u be v(2). Suppose 0 = 3*h + u*y + 35 - 8, -22 = 5*h - y. Let f = h - -10. What is the units digit of f?
5
Let n be ((-9)/(-18))/((-1)/(-6)). Suppose -5*v + 53 = n. What is the units digit of v?
0
Suppose -18 = 4*h - 6. Let a(p) = p**2 + 3*p + 3. What is the units digit of a(h)?
3
Suppose -8 = 2*p + 12. Suppose -5 = 4*s + 3. What is the units digit of (-32)/(-10) - s/p?
3
Let d be 7 + 1 + (2 - 0). Suppose 0 = -f - 0*f + d. What is the units digit of f?
0
Let a(w) = 2*w - 5. Let u be a(6). Suppose -u*j + 15 = -4*j. Suppose l - 1 = -s, 2*s - 6 - 2 = -j*l. What is the units digit of l?
2
Let y = -22 + 64. What is the tens digit of y?
4
Let q be 20*(1 + -2 - -2). Suppose -4*u + 7 + 5 = 3*f, 0 = 5*f + q. Suppose -2*y = y - u. What is the units digit of y?
2
Suppose -3*y - f + 197 = 3*f, -2*f - 285 = -5*y. What is the units digit of y?
9
Let m = -7 + 10. Suppose 3*q - 54 = -m*j, -3*j = -5*q - 22 - 24. What is the tens digit of j?
1
Let q be ((-9)/(-2))/(2/(-4)). Let b = -5 - q. Suppose b*v = -5*z + 15 + 25, z = v + 8. What is the units digit of z?
8
Let a = 12 - 9. Suppose -3*x + a*d = -d - 67, -2 = 2*d. Suppose -x = -b - 0*b. What is the tens digit of b?
2
Let p(l) = 3*l**2 - 8*l + 7. What is the tens digit of p(5)?
4
Let y = 20 + -28. Let o be (-4 + 0)*(5 + -1). Let f = y - o. What is the units digit of f?
8
Suppose -17 = -3*p - 4*z, 8*p + 2*z = 5*p + 13. Suppose -3*w - p = -2*w. What is the units digit of ((-1)/w)/(2/66)?
1
Let i(c) = -c**3 - 4*c**2 + 4*c - 2. Let n be i(-5). What is the units digit of (-28)/(-2) - (2 - n)?
5
Suppose m + 2 = -3*k, -5 = -4*m + 5*k - 13. Let i be (m*27)/(9/(-6)). Let u = i + -18. What is the tens digit of u?
1
Let s(t) = -t + 4. What is the tens digit of s(-12)?
1
Let m(t) = -2*t**3 - 15*t**2 + 10*t - 4. Let o(n) = n**3 + 8*n**2 - 5*n + 2. Let x(w) = -4*m(w) - 7*o(w). What is the units digit of x(-5)?
2
Suppose 0 = -n - 2 + 8. Let x = n - 3. What is the units digit of x?
3
Suppose 5*j - 37 = 148. What is the tens digit of j?
3
Let r(n) = n**3 - 13*n**2 - 20*n + 20. What is the hundreds digit of r(15)?
1
Let s(p) = -2*p**3 - 3*p - 8. What is the tens digit of s(-4)?
3
Let z = 126 - 70. What is the units digit of z?
6
Suppose b = -5*t + 12 + 5, 4*t + 5*b = 22. Suppose 0 = -t*q + 3*u - 4 + 58, 3*q - 4*u = 57. What is the tens digit of q?
1
Let j(s) = 3*s**2 - 4. What is the units digit of j(4)?
4
Suppose -o = 3*o - 452. What is the units digit of o?
3
Let t(p) = -p**2 + 7*p - 5. Let f be t(10). What is the tens digit of ((-42)/f)/(2/20)?
1
What is the units digit of (-738)/(-54) - 2/3?
3
Let w be (-8)/(-4) - -1*2. Suppose 0 = x + 2*y - w, 5*x - 5*y = -2*y + 72. What is the tens digit of x?
1
Suppose 2*x + 7 = 1, -5*c + 4*x = 83. Let f = -12 - c. What is the units digit of f?
7
Let f = -66 - -138. What is the units digit of f?
2
Suppose 0 = -a - 3 - 2. Let v = 24 - a. What is the tens digit of v?
2
Suppose 0*f - 3*f + 12 = 0. Suppose 3*m = -f*k + 118 - 40, -5*m + 5*k = -95. What is the units digit of m?
2
Suppose 0*r - 8 = -4*n + 2*r, -3*n + 2*r + 4 = 0. Suppose a = -n*a + 10. Suppose 6 = -2*u + 14, a*d = 5*u + 16. What is the 